{"version":"1.0","provider_name":"Charneux","provider_url":"https:\/\/charneux.be\/preprod","author_name":"Gilles Collings","author_url":"https:\/\/charneux.be\/preprod\/author\/gilles\/","title":"Journ\u00e9e \u00e0 Li\u00e8ge avec les 5e et 6e - Charneux","type":"rich","width":600,"height":338,"html":"<blockquote class=\"wp-embedded-content\" data-secret=\"22BZm5cdMW\"><a href=\"https:\/\/charneux.be\/preprod\/journee-a-liege-avec-les-5e-et-6e\/\">Journ\u00e9e \u00e0 Li\u00e8ge avec les 5e et 6e<\/a><\/blockquote><iframe sandbox=\"allow-scripts\" security=\"restricted\" src=\"https:\/\/charneux.be\/preprod\/journee-a-liege-avec-les-5e-et-6e\/embed\/#?secret=22BZm5cdMW\" width=\"600\" height=\"338\" title=\"\u00ab\u00a0Journ\u00e9e \u00e0 Li\u00e8ge avec les 5e et 6e\u00a0\u00bb &#8212; Charneux\" data-secret=\"22BZm5cdMW\" frameborder=\"0\" marginwidth=\"0\" marginheight=\"0\" scrolling=\"no\" class=\"wp-embedded-content\"><\/iframe><script>\n\/*! This file is auto-generated *\/\n!function(d,l){\"use strict\";l.querySelector&&d.addEventListener&&\"undefined\"!=typeof URL&&(d.wp=d.wp||{},d.wp.receiveEmbedMessage||(d.wp.receiveEmbedMessage=function(e){var t=e.data;if((t||t.secret||t.message||t.value)&&!\/[^a-zA-Z0-9]\/.test(t.secret)){for(var s,r,n,a=l.querySelectorAll('iframe[data-secret=\"'+t.secret+'\"]'),o=l.querySelectorAll('blockquote[data-secret=\"'+t.secret+'\"]'),c=new RegExp(\"^https?:$\",\"i\"),i=0;i<o.length;i++)o[i].style.display=\"none\";for(i=0;i<a.length;i++)s=a[i],e.source===s.contentWindow&&(s.removeAttribute(\"style\"),\"height\"===t.message?(1e3<(r=parseInt(t.value,10))?r=1e3:~~r<200&&(r=200),s.height=r):\"link\"===t.message&&(r=new URL(s.getAttribute(\"src\")),n=new URL(t.value),c.test(n.protocol))&&n.host===r.host&&l.activeElement===s&&(d.top.location.href=t.value))}},d.addEventListener(\"message\",d.wp.receiveEmbedMessage,!1),l.addEventListener(\"DOMContentLoaded\",function(){for(var e,t,s=l.querySelectorAll(\"iframe.wp-embedded-content\"),r=0;r<s.length;r++)(t=(e=s[r]).getAttribute(\"data-secret\"))||(t=Math.random().toString(36).substring(2,12),e.src+=\"#?secret=\"+t,e.setAttribute(\"data-secret\",t)),e.contentWindow.postMessage({message:\"ready\",secret:t},\"*\")},!1)))}(window,document);\n\/\/# sourceURL=https:\/\/charneux.be\/preprod\/wp-includes\/js\/wp-embed.min.js\n<\/script>\n","description":"Ce mardi 14 janvier 2020, les \u00e9l\u00e8ves de 5e et 6e se sont rendus en bus \u00e0 Li\u00e8ge. Au menu de la journ\u00e9e : visite de la maison de la Science (animations sur l&rsquo;\u00e9lectricit\u00e9 et l&rsquo;optique), et des studios de la RTBF. Deux visites tr\u00e8s instructives ! [simple_google_photos_grid album-url=\"https:\/\/photos.google.com\/share\/AF1QipOk5On3XGlK_Nx4la5AsL860OW4Gb4zaUuDfOOiVdF3TQe73TCUJwCM97H5lIpe5Q?key=SG5SaGh1Q3BVbE8xejhlV1V4bW90OVp4TEJrNDdn\" number-photos=\"100\" number-photos-per-row=\"2\" cache-interval=\"120\"]"}

Journée à Liège avec les 5e et 6e - Charneux

<blockquote class="wp-embedded-content" data-secret="22BZm5cdMW"><a href="https://charneux.be/preprod/journee-a-liege-avec-les-5e-et-6e/">Journée à Liège avec les 5e et 6e</a></blockquote><iframe sandbox="allow-scripts" security="restricted" src="https://charneux.be/preprod/journee-a-liege-avec-les-5e-et-6e/embed/#?secret=22BZm5cdMW" width="600" height="338" title="« Journée à Liège avec les 5e et 6e » &#8212; Charneux" data-secret="22BZm5cdMW" frameborder="0" marginwidth="0" marginheight="0" scrolling="no" class="wp-embedded-content"></iframe><script>
/*! This file is auto-generated */
!function(d,l){"use strict";l.querySelector&&d.addEventListener&&"undefined"!=typeof URL&&(d.wp=d.wp||{},d.wp.receiveEmbedMessage||(d.wp.receiveEmbedMessage=function(e){var t=e.data;if((t||t.secret||t.message||t.value)&&!/[^a-zA-Z0-9]/.test(t.secret)){for(var s,r,n,a=l.querySelectorAll('iframe[data-secret="'+t.secret+'"]'),o=l.querySelectorAll('blockquote[data-secret="'+t.secret+'"]'),c=new RegExp("^https?:$","i"),i=0;i<o.length;i++)o[i].style.display="none";for(i=0;i<a.length;i++)s=a[i],e.source===s.contentWindow&&(s.removeAttribute("style"),"height"===t.message?(1e3<(r=parseInt(t.value,10))?r=1e3:~~r<200&&(r=200),s.height=r):"link"===t.message&&(r=new URL(s.getAttribute("src")),n=new URL(t.value),c.test(n.protocol))&&n.host===r.host&&l.activeElement===s&&(d.top.location.href=t.value))}},d.addEventListener("message",d.wp.receiveEmbedMessage,!1),l.addEventListener("DOMContentLoaded",function(){for(var e,t,s=l.querySelectorAll("iframe.wp-embedded-content"),r=0;r<s.length;r++)(t=(e=s[r]).getAttribute("data-secret"))||(t=Math.random().toString(36).substring(2,12),e.src+="#?secret="+t,e.setAttribute("data-secret",t)),e.contentWindow.postMessage({message:"ready",secret:t},"*")},!1)))}(window,document);
//# sourceURL=https://charneux.be/preprod/wp-includes/js/wp-embed.min.js
</script>

Ce mardi 14 janvier 2020, les élèves de 5e et 6e se sont rendus en bus à Liège. Au menu de la journée : visite de la maison de la Science (animations sur l&rsquo;électricité et l&rsquo;optique), et des studios de la RTBF. Deux visites très instructives ! [simple_google_photos_grid album-url="https://photos.google.com/share/AF1QipOk5On3XGlK_Nx4la5AsL860OW4Gb4zaUuDfOOiVdF3TQe73TCUJwCM97H5lIpe5Q?key=SG5SaGh1Q3BVbE8xejhlV1V4bW90OVp4TEJrNDdn" number-photos="100" number-photos-per-row="2" cache-interval="120"]
